 = -2*k - 2640. Let u(w) = -6*w**3 - 5*w**2 - 1626*w - 1621. Let h be u(-1). Calculate the highest common divisor of k and h.
6
Let t = 58 - 53. Suppose t*o - 5*n - 25 = 4*o, 0 = 2*o + 4*n + 6. Suppose 17*z - 2875 = -6*z. What is the greatest common factor of o and z?
5
Suppose -2*p - 2 = 0, -p - 17 = -2*l + 24. What is the highest common factor of 2988 and l?
4
Let v = -148 + 354. Suppose v - 6 = 8*c. Calculate the greatest common divisor of c and 40.
5
Suppose 9*q - 17 = 10. Let s be q*66/9 + 12/(-4). Suppose -s = -4*x + 41. Calculate the highest common factor of 6 and x.
3
Let o be 18*((-220)/15)/(-4)*1. Suppose 70*j - o*j - 156 = 0. What is the highest common factor of j and 52?
13
Let y be (11/(22/9))/((-3)/(-6520)). Calculate the greatest common divisor of y and 60.
60
Let q = -6517 - -16814. Calculate the greatest common factor of 7 and q.
7
Let v = 31 + -1. Let f be v/25*5 + -4. Suppose -3*u + 35 - f = 0. Calculate the highest common factor of 88 and u.
11
Let b(h) = -h**2 + 10*h - 6. Let l be b(8). Suppose -j - 4*v = -6*j + 1034, 0 = -4*v + 16. What is the highest common divisor of l and j?
10
Suppose -12*y - 1440 = -14*y. Suppose -15*d + 7*d = -y. What is the greatest common divisor of 60 and d?
30
Let n be 144/(-16) + (-5 - -2). Let p be (248/12)/((-8)/n). What is the highest common divisor of p and 279?
31
Let j(m) = -6*m + 5. Let f be j(-1). Let u = 15 + -9. Suppose -u*l = -f*l + 30. Calculate the highest common factor of l and 66.
6
Let s be 3/(-2)*10/(-3). Suppose -3*w - 510 = -5*w + 4*x, 5*w - 4*x - 1293 = 0. Let a = 281 - w. Calculate the greatest common divisor of s and a.
5
Suppose -2*y - 9*n = -10*n - 10, -n = -4*y + 14. Let s be (-4)/10 - 2732/(-5). Let f be y/5 - (s/(-10) - 2). What is the highest common factor of 38 and f?
19
Let u(o) = -55*o - 575. Let a be u(-12). What is the greatest common factor of 6715 and a?
85
Suppose k - 7 = 3. Suppose -s + 41 - k = 0. Let j be 1022/3 - (-1)/3. Calculate the highest common factor of j and s.
31
Suppose 0 = 4*a + 395 + 161. Let u = 59 - a. Calculate the greatest common factor of 22 and u.
22
Let x(d) = 2*d**2 + 129*d + 1165. Let k be x(-61). What is the greatest common divisor of k and 30?
6
Let k = 197 - 216. Let i = 110 + k. Calculate the highest common divisor of i and 1183.
91
Suppose b = -3*g - 12 - 109, 275 = -2*b + 5*g. Let c = -124 - b. Calculate the greatest common factor of c and 16.
2
Let u be (-135)/(-36)*-14*(-112)/12. What is the greatest common divisor of u and 168?
14
Let r(f) = f**3 + 7*f**2 + 9*f + 25. Let b be r(-7). Let w be b/19 - (-147 - -1). Calculate the greatest common factor of w and 18.
18
Suppose -5*n - 15 = k, -6 = -n - 9. Suppose 0 = 5*s + 2*f - 2559, -5*s - 6*f + 3*f + 2556 = k. What is the greatest common factor of 57 and s?
57
Let z = -9559 + 12959. Calculate the highest common factor of 102 and z.
34
Suppose i + 6 = 12. Suppose 0 = f - 2*k - 136, 4*k = i*k - 4. Calculate the greatest common divisor of 5 and f.
5
Let c(u) = 23*u - 134. Let b be c(6). Suppose -b*l = 16, 5*l - 68 = -f + 86. Calculate the highest common factor of f and 36.
6
Suppose -3*f + l + 62 = 0, -64 = -33*f + 31*f - 5*l. Suppose -a - 577 + 203 = 0. Let y = a - -528. Calculate the greatest common factor of f and y.
22
Let c(i) = -i**3 - 59*i**2 - 9*i - 342. Let h be c(-59). Calculate the highest common factor of h and 1566.
27
Let j(r) = 2*r**2 - 10*r + 9. Let u be j(-11). Let q = 8393 + -8374. Calculate the highest common factor of q and u.
19
Let l(q) = -q**3 + 13*q**2 - 13*q + 7. Let n be l(7). Suppose -3*j - n = -9*j. Suppose 20 = 11*w - j. Calculate the greatest common divisor of w and 25.
5
Suppose 0 = -74*n + 76*n - 550. Calculate the greatest common divisor of n and 200.
25
Let g = 60765 - 43330. What is the greatest common divisor of 55 and g?
55
Let a be 414 - 56/7 - -2. Let p(j) = -5*j + 49. Let v be p(5). Calculate the greatest common divisor of v and a.
24
Let l(m) = 97*m**3. Let w be l(1). Suppose -549408 = -304*a - 50*a. Calculate the highest common divisor of a and w.
97
Suppose -41*s = -57*s + 416. What is the greatest common factor of s and 20?
2
Suppose k + 25 = 6*k. Let l be 28/12 + (-3)/9. Suppose -l = 4*w + 2*d + 3*d, -k*d - 10 = 0. What is the greatest common factor of w and 3?
1
Let q(r) = 25*r - 12*r + 12 - 39. Let o be q(6). Calculate the highest common divisor of 102 and o.
51
Let i be -5 + (4 + 48 - 15). Calculate the highest common factor of i and 28576.
32
Let w(r) = r**3 - 3*r**2 + 19*r - 89. Let q be w(5). Suppose c = 5*c - 1120. What is the greatest common divisor of q and c?
56
Let x be (1/20*5685)/(0 - 6/(-32)). What is the highest common divisor of x and 8?
4
Let p(a) = -2*a**3 + a**2 - 15*a - 46. Let w(x) = x**3 + 7*x + 22. Let m(t) = -2*p(t) - 5*w(t). Let y be m(-3). Calculate the greatest common factor of y and 6.
6
Suppose -542*q = -537*q - 30. Suppose 2*d - 3*d + 740 = 3*a, 3*a - 735 = -q*d. What is the greatest common factor of 52 and a?
13
Suppose -3*h - 2*f = -770, 0*h - 5*f + 764 = 3*h. Let j = 4775 + -4939. Let p = h + j. Calculate the greatest common factor of 47 and p.
47
Let n be (5 - 7)*(-31 + 1). Suppose 0 = -7*o + 3*f + 137, -3*o + 62 = 2*f. Calculate the greatest common divisor of n and o.
20
Let a(f) = 16*f + 3. Let x be a(7). Let g be (24/18)/(((-40)/(-348))/(-5)). Let p = x + g. What is the greatest common factor of p and 19?
19
Let t(w) = -w**2 + 23*w - 26. Let u be t(20). What is the greatest common divisor of 2142 and u?
34
Let i = 278 - 157. Suppose 63*u = 58*u + 55. Calculate the greatest common factor of u and i.
11
Let d(r) = 165*r**2 - 9*r + 144*r**2 - 14 - 298*r**2. Let l be d(-3). Calculate the greatest common factor of 840 and l.
56
Suppose 11*v - 272 = 7*v. Let q = 44 - v. Let n = q + 34. What is the greatest common factor of 30 and n?
10
Let k = -3 + 8. Suppose -4*b + 3 + 3 = -3*v, 0 = -k*b - v - 2. Let o be 3*((-20)/(-6) + b). Calculate the greatest common factor of 5 and o.
5
Suppose 2*w + 4*g = 318, -5*g + 277 - 247 = 0. Calculate the highest common divisor of w and 147.
147
Let o = -32 - -50. Let z(a) = -5*a + 9. Let h be z(3). Let s be (o/(-8))/(h/16). Calculate the highest common divisor of 18 and s.
6
Let a = 55 + -53. Suppose -a*k + 5 = -23. Suppose g + 4*q - 10 = k, -g + 4*q = -56. Calculate the highest common factor of 10 and g.
10
Let y = 119 - 92. Let l = 54 + -66. Let c be l/(-10)*225/10. Calculate the highest common factor of c and y.
27
Suppose 2*k - 488 = 1782*g - 1785*g, 0 = 5*g + k - 804. Suppose -w + 2*r + 30 = 0, w = -0*w - 4*r + 12. What is the greatest common factor of g and w?
8
Let g(r) = -r**3 + 37*r**2 + 4*r - 145. Let w be g(37). Suppose w = -2*z + 9. Calculate the greatest common divisor of z and 453.
3
Suppose -3*v = 5*s - 5995, -4*s + 115 - 95 = 0. Calculate the greatest common divisor of v and 35.
5
Let j(m) = -m**3 + 16*m**2 - 26*m - 11. Let d be j(12). Suppose -d + 841 = 12*r. Calculate the highest common factor of 245 and r.
49
Let o be (-2 + -292)/(56/(-196)). Let b = o - 362. What is the highest common divisor of b and 23?
23
Let h be (-8 + 0)*18/12. Let n = 11 + h. Let t be (n/(-2) - 0)*12. What is the greatest common factor of 12 and t?
6
Let p(m) = -m**3 - 27*m**2 + 27*m - 13. Let y be p(-28). Calculate the greatest common divisor of 55260 and y.
15
Let n = 21 + -17. Suppose 9 = -j - n*l, 2*j - 6 = -2*l + 6*l. Let s be j - (1 - 23/1). Calculate the greatest common factor of 7 and s.
7
Let o(p) = p**2 + 67*p + 532. Let w be o(-9). What is the highest common factor of w and 2965?
5
Let y(g) = 2*g - 14. Let w be y(11). Let q = -6336 - -6872. Calculate the greatest common divisor of w and q.
8
Let m(v) = 4*v**2 - 3*v. Let x be m(2). Suppose 3*g + 0*g + 4*d - x = 0, 2*d + 4 = 0. Calculate the greatest common factor of g and 15.
3
Suppose 7*k - 10*k = 0. Let s be -7 + 4 - k/(-2). Let j be (-4)/3*-45 - s. Calculate the greatest common divisor of j and 9.
9
Suppose 0*g + 5*j - 126 = -4*g, 5*g = -j + 168. Suppose 57*l - 1887 = 20*l. Calculate the greatest common factor of l and g.
17
Let x(p) = p**3 + 4*p**2 - 13*p - 9. Let f be x(-5). Suppose -f - 23 = 9*i. Let r be 4/i*(-49 - -7). What is the greatest common divisor of r and 21?
7
Let n = 3624 - 2310. Calculate the highest c